 is the units digit of q?
9
Let q(j) = 7*j**2 + 231*j + 104. What is the thousands digit of q(-39)?
1
Let u = 82 - 36. What is the units digit of u?
6
What is the thousands digit of ((524 - 6) + 3)*5?
2
Suppose -6 = -4*n + p + 5, 18 = 5*n + 3*p. What is the units digit of (-5)/(15/(-213)) + n?
4
Suppose -2*c + c = -13. Let l(a) = a**2 - 6*a - 13. What is the tens digit of l(c)?
7
Let d = -1 - -1. Suppose a = -0*a - 4, 2*a = -5*l + 87. Suppose p + d*p = l. What is the tens digit of p?
1
Suppose 17556 + 7864 = 31*l. What is the hundreds digit of l?
8
Suppose -z - o + 63 = -5*z, 51 = -4*z - 3*o. Let j(k) = 2*k**2 + 26*k + 5. What is the tens digit of j(z)?
6
Suppose 0*h + 5*h = -25. Let n be (2 - 0) + (h - -8). Let l = n + 19. What is the units digit of l?
4
Let x = -49 - -46. What is the units digit of (-330)/(-9) - 1/x?
7
Let p(d) = 430*d - 75. What is the tens digit of p(2)?
8
Let a(y) = 30*y**2 + 2. Let t be a(-2). Suppose 5*q = 2*q - 3*o + 102, -3*q + t = -o. What is the units digit of (4/(-6))/((-2)/q)?
3
Let n(h) = -3*h - 10. Let y(o) = 6*o + 19. Let j(g) = 5*n(g) + 3*y(g). Let v be (-1*1)/(1/(-5)). What is the units digit of j(v)?
2
Let u be (-4)/30 - (-283110)/450. Let n = u - 416. What is the units digit of n?
3
Let x(q) = q**2 - 3*q - 10. Let u(f) be the second derivative of -f**5/20 - f**4 + 11*f**2/2 + 7*f. Let g be u(-12). What is the tens digit of x(g)?
7
Suppose 0*n + 106 = 3*n + 4*b, 2*n - 68 = -4*b. Let t = n - 8. What is the units digit of t?
0
Let r = 50 + -26. Suppose -108 = -r*j + 15*j. What is the tens digit of j?
1
What is the tens digit of 18/(-45) + 2992/55?
5
Let h(z) = 3*z**2 + 11*z + 2. Let o be h(-8). Suppose p + p = o. Let s = p - -4. What is the units digit of s?
7
Suppose 0 = -12*d - 16*d + 38136. What is the tens digit of d?
6
Suppose -983 = -3*t + y + 258, 5*y + 1237 = 3*t. What is the units digit of (2 + 2)/(12/t)?
8
What is the tens digit of -6 - (531/(-9))/(4 + -3)?
5
Let l be ((-8)/10)/(16/40). Let a(q) = 10*q**2 - 2*q - 2. Let g be a(l). Suppose -2*n - 163 - g = -5*x, -3*n = 0. What is the tens digit of x?
4
Let x = 61 - 42. Let u(h) = -h + 53. What is the tens digit of u(x)?
3
Suppose -2*n - 2*n = 5*u - 4143, 3*n + 5*u - 3101 = 0. What is the tens digit of n?
4
Let h = -1 + -1. Let u be (h*2)/2 + 5. Suppose y - u*y - 5*s + 39 = 0, 3 = y - 3*s. What is the units digit of y?
2
Let j(i) = -11*i**2 - 2*i - 4. Suppose -3*f + 5*m = -0*m + 29, -2*f + 3*m - 18 = 0. Let u be j(f). Let q = -55 - u. What is the units digit of q?
2
Suppose 0 = 4*d - 3*s - 8 + 3, -3*s + 7 = 2*d. Let z(o) = -d*o + o + 11 + 2*o. What is the units digit of z(-9)?
2
Let q = 8 - 7. Let y be (1 + q)*18/9. Suppose y*j - 66 = -2*x - j, 8 = 2*j. What is the tens digit of x?
2
Let b = 630 + -227. What is the units digit of b?
3
Let n be 60*(-2 - (-1 - 0)). Let o(v) = -v + 8. Let x be o(6). What is the units digit of (8/(-10))/(x/n)?
4
Suppose 3*i = -1 - 2, -3 = -4*y + 3*i. Suppose y = -8*q - 26 + 1618. What is the units digit of q?
9
Suppose 0 = g - 5*b - 175 - 466, 617 = g + b. Let w = g + -397. What is the units digit of w?
4
Let i = -445 - -927. What is the units digit of i?
2
Suppose 5*d + x = 37, 2*d + 3*x + x = 22. Suppose 0*u = -d*u + 1673. What is the tens digit of u?
3
Suppose c - 2 = 2*h, 0*h = -3*c - 5*h - 38. Let j(t) = t**3 + 3*t**2 - 5*t - 5. Let x be j(-4). What is the tens digit of ((-2)/c)/(x/(-57))?
1
Suppose 6 - 5 = v. What is the tens digit of -3*v/3 - -24?
2
Suppose 345 = 3*d + 2*d. Suppose 2*a = s - d, -345 = -2*s - 3*s - a. What is the tens digit of s?
6
What is the tens digit of (2696/(-18))/(4/(-18))?
7
Let j = 715 - 672. Suppose 0 = -3*x + 15 + 30. Suppose 2*g + 3*o = -13 + j, -3*g + x = -3*o. What is the units digit of g?
9
Let k(a) = -3*a - 3. Let c be k(-6). Let j = -11 + c. Suppose -j*t + 3*t + 33 = 0. What is the tens digit of t?
3
Suppose -132 + 147 = 15*b. What is the units digit of b?
1
Let z be -3 - 56/(-12)*3. Suppose -v = -20 - z. What is the tens digit of v?
3
Suppose 158 + 10 = -4*v. Suppose 6*b = 4*b - 2*n - 46, -5*b - 2*n = 112. Let w = b - v. What is the units digit of w?
0
Let q be 3/9 + 94670/30. Suppose -12*p + q + 876 = 0. What is the units digit of p?
6
Suppose -4*d - 20 = -4. Let s = d - -7. What is the units digit of (s + 42)*3/5?
7
Suppose 5*k = 63 + 2. Let l be (-1 + k/2)*4. Let q = -4 + l. What is the tens digit of q?
1
Let o = 46 - 52. What is the units digit of ((-3)/(-4))/(9/o)*-14?
7
Let q be 25 + 6 - (-3 + 1). What is the units digit of (-5)/((-20)/8) + q?
5
Let o = -7474 + 13554. What is the hundreds digit of o?
0
Let v = 493 - 387. What is the units digit of v?
6
Suppose -317 + 3402 = 5*g. What is the hundreds digit of g?
6
Let j be 48/26 + -2 + 2054/169. What is the units digit of 1/3 + (3 - (-860)/j)?
5
Suppose 0*a + 83 = a. Let i = -15 + a. What is the units digit of i?
8
Let z(r) = r**3 - 24*r**2 - 19*r**2 + 42*r**2 + 72. What is the units digit of z(0)?
2
Let k = 1727 - 1007. What is the hundreds digit of k?
7
Let r = 12 + -7. Suppose r*d = 2*d + 12. Suppose 3*n = d*v + 139, n - 3*n - v + 89 = 0. What is the units digit of n?
5
Suppose 15*w + 5916 = 21*w. What is the units digit of w?
6
Let n be (-18)/(-9)*1*2. What is the tens digit of (0/(-2) + 4)*n?
1
Let x(q) = q + 39. Let v be x(-12). Let p(b) = b**3 - 28*b**2 + 28*b - 11. What is the units digit of p(v)?
6
Suppose 0 = 3*g + 5*x - 8096, 4*g + 13*x - 10838 = 15*x. What is the tens digit of g?
0
Let c be (0/23)/(1 - 0). Suppose c = -9*g + 7*g + 272. What is the tens digit of g?
3
Let q = 115 - 20. What is the units digit of q?
5
Let x be (1 + 2/(-2))/(-1). Suppose -6 = 6*j - 6. Suppose j = -2*q - 5*w + 2*w + 41, x = 5*q - 2*w - 74. What is the units digit of q?
6
Let z = 1 + 4. Suppose 0 = -4*f + z*o + 590, -4*f + 5*f + o = 143. What is the hundreds digit of f?
1
What is the hundreds digit of ((-4)/14 + (-51824)/112)*-3?
3
What is the hundreds digit of 1/(-5) - (-4916)/5?
9
Suppose 3 + 3 = 6*q. Let g(o) = 3*o**2 + o - 2. Let a be g(q). What is the units digit of a/8 + 150/8?
9
Let l be 3 - (3 - 35/1). Suppose -6*c = -10*c - 72. Let s = l + c. What is the tens digit of s?
1
Let n(d) = 14*d + 1316. What is the thousands digit of n(0)?
1
Let o(a) = 2*a**2 + 10*a + 16. Let h be o(-11). Suppose 2*u + 0*u = -h. What is the units digit of u*(-3 - (-5)/2)?
7
Suppose 0 = 5*y - 12 + 2. Suppose y*b + 3*w + 33 = 252, 5*w = -3*b + 330. What is the tens digit of b?
0
Let t(n) = 171*n - 357. What is the units digit of t(10)?
3
Let k(g) = 149*g**2 + 6*g - 21. What is the tens digit of k(3)?
3
Suppose 0 = 5*b + m - 1695, 574 = 4*b - 4*m - 806. What is the units digit of b?
0
Let n = -4 - -13. Let v be (-7 + n)*(-11)/(-2). Let q = 17 - v. What is the units digit of q?
6
Let z = 13 + -13. Let w = z + 3. Suppose 8 = w*n - 10. What is the units digit of n?
6
Suppose 2*d + 2 = -2*f - 10, -12 = 2*f + 3*d. Let j(g) = 133*g + 18. Let u be j(f). What is the units digit of (5/4)/((-15)/u)?
5
Suppose 3*v - 67 = 5. Let k = -18 + v. Suppose 5*w - k*w + 51 = 0. What is the units digit of w?
1
Let p(a) be the third derivative of -a**6/120 + a**5/5 + a**4/4 - a**3/6 + 3*a**2. What is the tens digit of p(12)?
7
Suppose 0 = -5*w + 9725 + 270. What is the tens digit of w?
9
Let r = 59 - 71. Let t(w) be the first derivative of -w**2 + 10*w - 4. What is the tens digit of t(r)?
3
Let i(j) = j**3 + 2*j - j**2 + 2 - 4*j + 2*j. What is the units digit of i(2)?
6
Let t be 4*(-1)/10*-10. Let g = 7 - t. Suppose -19 = -4*m + g*m. What is the tens digit of m?
1
Let t = 55 + -55. Suppose 5*m - 455 - 595 = t. What is the tens digit of m?
1
Suppose -7*r = -10*r + 120. Let v = -16 + r. Suppose v = -0*f + f. What is the tens digit of f?
2
Suppose 0 = 4*x - 248 + 4220. Let n be 2/(-9) + x/27. Let p = 62 + n. What is the tens digit of p?
2
Suppose 0 = -7*u + 4*u + 9. What is the tens digit of (-188)/141 - (1 + (-67)/u)?
2
Suppose 37*u = 63*u - 4342. What is the units digit of u?
7
Let h be 2/(-5) - 68/(-20). Suppose 5*v - 36 = -4*d, 4*v + 1 = h*d + 5. What is the units digit of (76/(-6))/(v/(-6))?
9
Let y(l) = -1 - 2*l**2 - 2*l + 3*l**2 + 6*l + 0*l**2. Let h be y(-5). What is the units digit of ((-2)/(-1))/(-2 + h)?
1
Suppose 0 = -14*d + 32 - 4. Suppose 5*z + 106 = 3*j - 0*z, 0